uppose -4*d + 4*h + 24 = 0, -2 = 5*d - 2*h - 20. Suppose -6*j = -d*j. Suppose -4*q = -2*g - 288, -2*g + 0 + 4 = j. What are the prime factors of q?
73
Suppose 2 = 3*j - 2*v, j + 2*v = -j + 18. Suppose -5*m - 5*z + 110 = 0, m + j = 3*z + 34. What are the prime factors of m?
2, 3
List the prime factors of 6/3 - -10 - (19 - 20).
13
Suppose 5*w - 4*u = 163, 5*u - 28 = -13. Let s = w + 1. What are the prime factors of s?
2, 3
Suppose -3*m + 31 = -5. Let q be -1 - m - 4/(-1). Let a(u) = u**3 + 9*u**2 - 3*u + 2. What are the prime factors of a(q)?
29
Let v = 1204 + -587. What are the prime factors of v?
617
Let x(j) = -163*j + 329. List the prime factors of x(-7).
2, 3, 5, 7
Suppose -4590 = 2*c - 7*c. List the prime factors of c.
2, 3, 17
Let a = -430 - -1539. List the prime factors of a.
1109
Suppose -2*z - 2*n + 428 = 0, -3*z + 0*n - 5*n + 652 = 0. List the prime factors of z.
11, 19
Let w(g) = 4*g**3 + 0 - 3 - g + 3*g**2 - 3*g**3. Let o be w(-3). Suppose q - 11 + 1 = o. List the prime factors of q.
2, 5
Suppose -11*l = -8*l - 816. What are the prime factors of l?
2, 17
Let x(w) = -w**3 - 2*w**2 + 6*w + 3. Suppose -47 = 14*z + 23. What are the prime factors of x(z)?
2, 3
Let w = 15 + 8. Suppose w = -j + 107. What are the prime factors of j?
2, 3, 7
Suppose 0 = 3*q - 9, 3*w - 1683 = -2*w - q. Let g = w + -144. What are the prime factors of g?
2, 3
Let m be 0*(2 - (-10)/(-6)). Suppose 0 = -2*j + 4, -4*p + 4*j + 0 + 160 = m. List the prime factors of p.
2, 3, 7
Let d = 138 - 145. List the prime factors of 4 + 1 + (-21)/d - -1.
3
Suppose -5*o - 445 = -1380. What are the prime factors of o?
11, 17
Let p be 0 + (-1)/((-1)/20). Let h = -98 - -103. Suppose 4*g = -3*i + 31, -3*i + h = -2*g - p. List the prime factors of i.
3
Let w = 0 + -20. What are the prime factors of (-56)/w + (-7)/(-35)?
3
Suppose 0 = -11*w + 2506 + 497. What are the prime factors of w?
3, 7, 13
Suppose 5*l - 2*v - 74 = 0, -4*v + 92 = 4*l + l. List the prime factors of l.
2
What are the prime factors of 0 - -36*(4 - 198/(-12))?
2, 3, 41
Let y = 3 + -3. Let k(j) be the first derivative of j**3/3 - j**2/2 + 74*j - 62. List the prime factors of k(y).
2, 37
Let u(m) = -14*m**2 + 16*m - 30*m + 6 - m**3 + 0 - 1. Let k be u(-13). Suppose 5*y = 237 + k. List the prime factors of y.
3, 17
Let h(s) = 3*s - 9. Let n be h(4). Let v be 9/((-108)/(-40))*n. Let x = 25 - v. What are the prime factors of x?
3, 5
Let l(y) = y**2 + 10*y - 7. Let b(p) = p**2 + 10*p - 8. Let v(w) = -6*b(w) + 5*l(w). List the prime factors of v(-9).
2, 11
Let r be 0 + 8 - 4 - 4. Suppose 102 = 2*g + 2*v, -55 = -r*g - g - 2*v. What are the prime factors of g?
47
Let h = 27 + -23. List the prime factors of 485/10 - 2/h.
2, 3
Suppose -2*z = -24 - 4. Suppose -11*g = -z*g - 9. List the prime factors of (-151)/g + 6/9.
3, 17
Let x(j) = -10*j**3 + 9*j**2 - 2*j - 36. What are the prime factors of x(-6)?
2, 3, 5, 41
Suppose 0 = i - 0*i + 4. Let d be (-26)/i*12/(-2). Let x = -1 - d. What are the prime factors of x?
2, 19
Let x(u) = 1 + 1 - u**3 - 99*u**2 + 105*u**2. Let n be x(5). Suppose -3*l + 48 = 2*y, 2*y = 2*l + n + 11. List the prime factors of y.
3, 7
Let l(m) = -44 + 80 - 43 + 15*m**2 - 4*m. What are the prime factors of l(3)?
2, 29
Suppose -5*v = 4*m - 3*m - 8651, -2*m = -5*v + 8648. List the prime factors of v.
2, 5, 173
Suppose 0*z + 3*z - 73 = -t, 2*t + 4*z = 150. Suppose 2*k - 5*k = 69. Let o = t + k. What are the prime factors of o?
2, 7
Suppose 33 - 12 = 3*z. Let x = 5 + -2. Suppose z*j - 120 = x*j. List the prime factors of j.
2, 3, 5
Let o be 12/(-6)*10/(-4). Suppose 0 = -2*q + o + 5. List the prime factors of 57/q - (-2)/(-5).
11
Suppose 3*f = n + 2178, 2*f + 15*n - 14*n - 1452 = 0. List the prime factors of f.
2, 3, 11
Let o(h) = h**2 + 29*h + 81. Let u be o(-26). Suppose 122 + 74 = l - 4*v, -3*l - u*v + 573 = 0. List the prime factors of l.
2, 3
Let k be ((-1)/2)/((-13)/(-1820)). Let u = -158 - -31. Let m = k - u. What are the prime factors of m?
3, 19
Let v(k) = 107*k**3 - 2*k**2 + 1. Let t be 10/8 - 3/12. What are the prime factors of v(t)?
2, 53
Suppose 10*h = 12*h - 10. Suppose -4*b + 0*b + 4*w = -208, -h*w = 2*b - 118. List the prime factors of b.
2, 3
Let n(r) = -r**3 - 6*r**2 + 6*r - 7. Let p be n(-6). Let w be ((-2)/3)/((-86)/(-3225)). Let t = w - p. What are the prime factors of t?
2, 3
Let y(j) = -3*j + 4*j**3 + 5 - 3*j**3 - 4*j. Let h(m) = -2*m**3 + 15*m - 11. Let v(t) = 3*h(t) + 7*y(t). What are the prime factors of v(3)?
17
Suppose 9*c - 8 = 7*c. Suppose 0 = -c*o - 0*o + 344. List the prime factors of o.
2, 43
Suppose -l - 82*g = -84*g - 418, -4*g + 16 = 0. What are the prime factors of l?
2, 3, 71
Let o(z) = 5 + 9*z**2 + z**3 - 5*z - 2 - 4 + 12*z. Let c(q) = -q**2 + 8*q - 7. Let d be c(8). List the prime factors of o(d).
2, 3
List the prime factors of -3665*((-12)/30 + 0).
2, 733
Let v = 94 + 1726. What are the prime factors of v?
2, 5, 7, 13
Let s be (-6 + (-24)/(-4))/(1*-2). Suppose -2*p = -2*u + 212, s = 6*u - 3*u - 4*p - 321. List the prime factors of u.
103
Let s(u) = 57*u**2 - 2*u - 3. Suppose -13*d = -2 + 28. What are the prime factors of s(d)?
229
Let x = -904 + 1047. What are the prime factors of x?
11, 13
Let z = 36 - 34. Suppose -2*a = -5*n + 416, 5*a + 106 + 52 = z*n. List the prime factors of n.
2, 3, 7
Suppose 4*l + 20 - 32 = 0. Suppose 26 = 2*n + l*c, 0*c + 4*c - 16 = 0. What are the prime factors of n?
7
Let z be (-30)/(-12) + -3 + (-590)/(-4). Let b = 235 - z. List the prime factors of b.
2, 11
Suppose -5*w - 2 = -7*f + 4*f, -2*f + 2*w = -4. Suppose 4*b = 2*b + 30. Suppose 4*n = 3*m - 96, f*n = -n - b. List the prime factors of m.
2, 7
Suppose 3*v - 2*h = -h - 7, -2*v + 18 = 5*h. Let o be (-869)/(-66) - (-1 + (-14)/(-12)). Let t = o - v. List the prime factors of t.
2, 7
Suppose 0 = 3*x - 9*x + 396. What are the prime factors of x?
2, 3, 11
Suppose 268 = -18*v + 11356. What are the prime factors of v?
2, 7, 11
Let z = -280 - -3779. What are the prime factors of z?
3499
Let u(x) = 30*x - 6. Let d be u(3). Suppose 5*t = v - 44, 0 = 2*v - 3*t - d + 10. What are the prime factors of v?
2, 17
Let i(r) = 0 - 6*r + 25 + r + 3*r. List the prime factors of i(-5).
5, 7
Suppose g - 11369 = -5*l, 149*g = 5*l + 152*g - 11377. List the prime factors of l.
2273
Let w(z) = -17*z - 7. Suppose q + 3 = -1, 0 = -l + 2*q + 4. Let g be w(l). Suppose g = 3*n - 2*b, 2*n + 2*b - 58 = -b. List the prime factors of n.
23
Let k(b) = -98*b. Let m be k(-1). Suppose -5*o = -m - 12. What are the prime factors of o?
2, 11
What are the prime factors of (1 - (-2 - -88))*(-15 + 0)?
3, 5, 17
Let c(l) = -l**2 - 11*l + 17. Let u be c(-12). Suppose -29 = -d - 0*d + z, u*z = -3*d + 127. List the prime factors of d.
2, 17
Suppose -1319 = -2*y - 3*n, -5*y = -2*n - 3424 + 174. What are the prime factors of y?
2, 163
Let k be (2*-2)/((-14)/21). What are the prime factors of (54 - 8)*k/4?
3, 23
Let z(p) = 3*p + 5. Let r = 10 - 4. What are the prime factors of z(r)?
23
Let h be 4/(-6) - (-8)/3. Suppose -b - h*b + 9 = 0. List the prime factors of ((-11)/b)/((-4)/36).
3, 11
Let k be 127 + -4 + 10 + -5. Suppose 0 = 3*l - k - 481. List the prime factors of l.
7, 29
Suppose 5*a = -4*i + 1676, -5*a - 7 - 13 = 0. What are the prime factors of i?
2, 53
Let d(o) = -3*o + 4 + 6*o**2 - o**3 + 1 + 0*o. What are the prime factors of d(4)?
5
Let y(g) = -337*g**3 - 9*g**2 + 17*g + 7. Let j(p) = 168*p**3 + 4*p**2 - 8*p - 3. Let u(b) = 13*j(b) + 6*y(b). What are the prime factors of u(1)?
7, 23
Suppose -b = -p, -3*b = 3*p - 0*p + 30. Let d(g) = g**3 + 5*g**2 + g - 5. Let q be d(b). List the prime factors of 1*14 + 9 + q.
13
Suppose 7*k = 2*k - 5. What are the prime factors of (-2 - -166) + (2 - k)?
167
Suppose 4*k + 336 = -4*c, 3*c + 4*k - 2*k + 256 = 0. Let a = c + 408. What are the prime factors of a?
2, 5
Let j(r) = -37*r - 3. Suppose 10 = -0*c - 5*c - 3*g, -3*g = -4*c - 8. List the prime factors of j(c).
71
Suppose -4*r - 7 = -3*t - 2*r, 8 = t + 5*r. Suppose -h - t*b + 20 = 0, -3*h = 2*b + 3*b - 60. List the prime factors of h.
2, 5
Let o(z) = z**3 + 4*z**2 - 7*z - 7. Let b be o(-5). List the prime factors of (18/(-8) + b)*4.
3
Suppose 3*u - 371 = 5251. What are the prime factors of u?
2, 937
Let h(l) = l**3 - 3*l**2 - 7*l + 6. Let d be h